of l?
2, 13
Let c(n) = 2*n**2 - 12*n + 5. Let t be c(6). Let r(m) = m**2 - 4*m + 11. Let f be r(t). Suppose 0 = 3*q - 62 - f. What are the prime factors of q?
2, 13
What are the prime factors of (9 - (-11 - 30954)) + 1 + -1 - -6?
2, 5, 1549
List the prime factors of (-3)/8 - 44/(-32)*4777.
2, 821
Suppose 0 = -2*q - 5*i + 135, -4*i + 205 = 5*q - 124. Let r be (-4 - q/(-15))*0. Suppose -z + 5*z - 20 = r, 5*g = -2*z + 110. List the prime factors of g.
2, 5
Suppose -23510*m - 161505 = -23515*m. What are the prime factors of m?
3, 37, 97
Suppose -31 + 12 = -c - 5*m, -5*c + 3*m + 11 = 0. Suppose 497 = 5*v + 2*i + 74, -4*v + 344 = -c*i. What are the prime factors of v?
5, 17
Suppose -3*z = -2*d - 6, 0*z + 4*z = -2*d + 8. Suppose 10*a - 5*a = -z*n - 680, n = 4*a + 557. What are the prime factors of (a/9)/(12/(-18))?
23
Suppose 2128 = -5*w - 167. What are the prime factors of (w/6)/9*-46?
17, 23
Let i(m) = 2*m**2 - 44*m + 1804. List the prime factors of i(27).
2, 17, 61
Let x(d) = -d**3 - 6*d**2 + 4*d - 19. Let p be x(-7). Suppose 448 = 2*u + 4*r, -3*u - 103 = p*r - 763. List the prime factors of u.
2, 109
Suppose 0 = -k - 5*v + 11, 4*v = 2*k + 2*k - 92. Suppose 0 = -4*w - 2*l + 258, 17*l - 20 = k*l. List the prime factors of w.
67
Suppose 0 = -5*a - 5 - 10. Let w(b) = b**2 - b - 8. Let u be w(a). Suppose -u*q + q = -198. List the prime factors of q.
2, 3, 11
Let q = -5477 - -9089. Suppose -10*s - 1302 = -q. What are the prime factors of s?
3, 7, 11
Let v = 292 - 478. Let s = v + 369. Let t = s - 98. List the prime factors of t.
5, 17
Let w be (-577)/(-3) + 6/(-18). Suppose -3*b + w = -2*b. What are the prime factors of b?
2, 3
Suppose -70747 = -4*x + 47777 - 5116. List the prime factors of x.
2, 443
Let z(s) = -4*s**3 - 39*s**2 - 45*s + 50. List the prime factors of z(-15).
2, 5, 109
Suppose 289*c + 442952 = 323*c. List the prime factors of c.
2, 3257
Let o(h) = h**3 - 61*h**2 - 40*h - 967. List the prime factors of o(65).
67, 199
Suppose -71*f - w - 27205 = -75*f, -3*f + 2*w + 20410 = 0. What are the prime factors of f?
2, 5, 17
Suppose -4*u + 11*u = 7. Let z(r) = -15*r - 29. Let q(f) = -1. Let k(b) = u*z(b) - 6*q(b). List the prime factors of k(-8).
97
List the prime factors of 124/465 + (-4)/(-10) + 270165/63.
4289
Let n = 4397 + -3534. List the prime factors of n.
863
Suppose -2*y - 41 = 5*q, 3*y + 30 = q + 2*q. Let g(h) = -h**3 - 10*h**2 - 13*h + 35. Let a be g(-7). Let r = y - a. List the prime factors of r.
2
Let d(p) = -p**3 - 55*p**2 + 77*p - 137. What are the prime factors of d(-59)?
2, 2311
Suppose -4*b - 3*m = -14416, 0 = -4*b + 8*b + 5*m - 14424. Suppose 5*d + 2*v - b = 0, -d + 2*v = 5*v - 728. What are the prime factors of d?
719
Let u(c) = 124*c**2 - 4*c - 2. Suppose 5*s + 5 = 0, -15*s = -3*b - 16*s + 5. What are the prime factors of u(b)?
2, 3
Suppose -4*l + 3*y = -167875, -2*y = -l + 43479 - 1514. List the prime factors of l.
19, 47
Suppose 2*w - 13394 = s, -16893 - 16578 = -5*w - s. List the prime factors of w.
5, 13, 103
Let b(l) be the first derivative of l**3/3 - l**2/2 + 11*l + 2. Let f(v) = v**3 - 7*v**2 - 7*v - 1. Let x be f(8). What are the prime factors of b(x)?
53
Let k(s) = -265*s + 244. Let m be k(-7). Let q = 3090 - m. List the prime factors of q.
991
Suppose 14*l - 9*l = 3885. Suppose -4*s + 615 = -l. What are the prime factors of s?
2, 3, 29
Suppose 10*i = 106195 + 3526 + 36729. What are the prime factors of i?
5, 29, 101
Suppose 70288 = -7*a + 12*a - 3*q, -3*a = -10*q - 42140. List the prime factors of a.
2, 5, 19, 37
What are the prime factors of (8534/6 - 50/(-75)) + -4?
3, 11, 43
Let h = 141 + -139. Suppose 2*j - h = 0, 4*j - 30 - 13 = -x. What are the prime factors of (2/1 - x)*-1?
37
Let p(f) = f**2 + 4*f + 4. Let s be p(0). Suppose 0 = -5*m - s*m + 4095. What are the prime factors of m?
5, 7, 13
Suppose 4*i - 5*b - 185 = 913, -4*i + 1038 = 5*b. Let c be (-193)/2 + 1/2. Let n = c + i. List the prime factors of n.
3, 19
Suppose 0 = -4*c + 20 - 4. Suppose s - 685 = -3*f, -5*f + 4*f = c. What are the prime factors of s?
17, 41
Suppose -d + 2*m + 1276 = m, d - 1286 = 3*m. Let n = -1793 + d. Let z = -365 - n. List the prime factors of z.
157
Let i(r) = -4*r - 72. Let m be i(-20). Suppose d = -m*d + 2754. What are the prime factors of d?
2, 3, 17
Let b = 1663 - -1086. List the prime factors of b.
2749
Let h(y) = 2*y - 52. Let g be h(27). Suppose -o + g*l + 49 + 163 = 0, 0 = -3*l. List the prime factors of o.
2, 53
Let k be (1 + (-52)/(-8))/(3/2). Suppose 5*r = -3*w + 1640, k*r - 7*w - 1640 = -12*w. List the prime factors of r.
2, 41
Let d = 11 + -7. Suppose b = 3*u + 18, -5*b - u + 114 = -d*u. Let v(m) = m**3 - 24*m**2 + 4*m - 9. What are the prime factors of v(b)?
3, 29
Suppose -91*y = 9*y - 828390 + 134490. List the prime factors of y.
3, 257
Let p = -74 + 176. Suppose p*h = 104*h - 1056. Suppose -4*j + 3*l = -l - h, -522 = -4*j + 2*l. List the prime factors of j.
3, 43
Let s be (-2)/(-8) + -1 + 69/(-4). Let j(f) = 2*f**2 + 25*f + 53. What are the prime factors of j(s)?
251
Let m be (-12)/3 - -8*5/(-20). List the prime factors of (-10520)/16*m*2/15.
2, 263
Let h(w) = 1525*w**2 - 4*w - 1. List the prime factors of h(4).
37, 659
Let s(x) be the second derivative of x**5 - x**4/12 + x**3/6 + 2*x**2 + 195*x. List the prime factors of s(4).
2, 3, 53
Let m(n) = 2*n**2 + 49*n - 9. Let a be m(-25). Suppose a*d = 14*d - 3*t + 3473, -20 = 4*t. List the prime factors of d.
2, 109
Let x = 70524 - 40219. List the prime factors of x.
5, 11, 19, 29
Suppose -16*z + 12218 - 554 = 0. Suppose -3*w - 306 = -t, 0 = -4*t - w + 482 + z. List the prime factors of t.
3, 101
Suppose -8*r + 5*r + 1144 = z, 5*z = -3*r + 5756. Suppose -2*j - y = -7*j + 1921, -3*j + y + z = 0. List the prime factors of j.
2, 3
Suppose 1657*x + 4*l + 145552 = 1661*x, 0 = -5*x - 3*l + 181940. List the prime factors of x.
2, 11, 827
Let u(a) = -44*a**2 - 129*a**2 + 416*a**2 - 12*a + 12. List the prime factors of u(1).
3
Suppose 10 + 8 = 4*p - 3*s, 0 = -3*p + 3*s + 12. Suppose 4*n + p = 6*n. Suppose 3*z = -n*c + 5*c + 544, 0 = -2*z - 4*c + 336. List the prime factors of z.
2, 89
Let k be 4 + 6 + 3/6*8. Suppose -1378 = -4*q - k. List the prime factors of q.
11, 31
Let z(d) = 15*d**2 - 81*d + 1102. List the prime factors of z(27).
2, 5, 197
Let q be (2808/288)/((-1)/((-4)/3)). Suppose -q*o + 237 = -2662. What are the prime factors of o?
223
Let n(t) be the third derivative of -t**6/120 + 19*t**5/60 - 17*t**4/24 - 5*t**3/6 + 11*t**2. Let r be n(18). Let l = 43 + r. What are the prime factors of l?
2, 7
Let d = -24 - -29. Let x(v) = -8*v**2 + 6*v + 2*v - d + 9*v**2. List the prime factors of x(-15).
2, 5
Suppose 2*z - 2*u - 2750 = 0, -6*z + 5*z - 3*u = -1387. List the prime factors of z.
2, 13, 53
Let t(s) = -s**3 + 3*s**2 + 3*s + 4. Let v be t(5). Let b be 4*219/6 - 0. Let h = b + v. List the prime factors of h.
5, 23
Let p be (6 - (-23)/(-4)) + 22/8. Suppose p = 4*m - 1. List the prime factors of (-1056)/(-30) + m/(-5) + -3.
2
Let w = 107 + -55. Let z = 2763 - 2361. Suppose 7*m = -w + z. What are the prime factors of m?
2, 5
Suppose -1431 = -k - 4*k + 2*j, 2*j = -3*k + 849. Let v = 814 - k. Suppose v = 2*g + 81. What are the prime factors of g?
2, 7
Suppose 0 = a + 2*a + 78. Let d = 19 + a. Let m(x) = -5*x - 14. List the prime factors of m(d).
3, 7
Let o(v) = -158*v - 3339. List the prime factors of o(-61).
6299
Let n(c) = 24116*c**2 + 326*c + 326. List the prime factors of n(-1).
2, 6029
What are the prime factors of 41264 - (-11 - (-8 + 6))?
149, 277
Suppose -3*d = 5 - 14, 0 = -4*v - 2*d + 18. Let p = 432 + -267. Suppose -v*y - t + p = -79, -5*t = 2*y - 167. List the prime factors of y.
3
Suppose -494 + 3194 = -20*f. Let a = -298 - f. Let u = 6 - a. What are the prime factors of u?
13
Let b = -36 + 40. Suppose -b*l - 3*j = -3*l - 586, -3*j - 2876 = -5*l. What are the prime factors of l?
577
Let s(r) = 132*r**2 - 129*r + 1346. List the prime factors of s(10).
2, 1657
Let y(d) = d**3 + 42*d**2 - 40*d - 655. List the prime factors of y(-42).
5, 41
Let m(n) = -n**2 + 15*n - 22. Let g be m(13). Let f be g/(-14) - 60*(-6)/(-63). Let p(z) = z**3 + 7*z**2 - 4*z + 11. What are the prime factors of p(f)?
71
Let y = 2233 - 3296. Let v = y - -631. Let m = v + 666. What are t